. Let l(s) = s**2 - 3 + 8 - 8*s + 0*s. Give l(x).
-11
Let q(r) = r + 8. Let j(d) = 14*d**2 + d. Let k be j(1). Let m be 5/k - 4/3. Let h be (10/(-20))/(m/(-14)). What is q(h)?
1
Let v(t) = t**3 - 11*t**2 - 7*t + 16. Let g be v(12). Let d(x) = 5*x + 11. Let c be d(-9). Let k be (-8)/g - c/(-38). Let w(p) = 8*p. What is w(k)?
-8
Let n(p) = p**3 - 6*p**2 + 7*p + 2. Let d(r) be the second derivative of -r**4/12 + 29*r**2/2 - 7*r. Let a be d(0). Let c = a + -24. Determine n(c).
12
Let b be 40/(-15)*(1 - -2). Let m = 16 + b. Let c(x) = -5*x**2 - 21*x - 2. Let q(l) = 2*l**2 + 7*l + 1. Let i(z) = m*q(z) + 3*c(z). Determine i(3).
-10
Let y(l) = 32*l + 4 - 7*l**2 + 31*l - 60*l + l**3 - 4 + 2. Determine y(7).
23
Let g(k) be the third derivative of -1/12*k**5 + 0*k + 0*k**3 + 0 + 2*k**2 - 1/720*k**6 + 1/8*k**4. Let q(t) be the second derivative of g(t). Calculate q(-8).
-2
Let o(z) = -z + 30. Let q = 765 - 740. Give o(q).
5
Let r(v) = -15*v**3. Suppose -4*a + 6 = 2*o, -9*a = -2*o - 7*a - 6. What is r(o)?
15
Suppose 0 = -2*x + 103 - 117. Let h(j) = j**2 + 10*j + 1. Determine h(x).
-20
Let x be 117/26*4/6. Let g(y) = 6*y - x*y - 5*y. Determine g(-5).
10
Let i(z) = 5 + 4875*z + 4*z**2 - 4865*z - 3*z**2. Give i(-7).
-16
Let a = 12 - 11. Suppose 3*g + 7 = -4*w, -w + 0*w - a = 0. Let c be 2*(2 + g/(-2)). Let z(y) = -y**3 + 4*y**2 + 8*y - 5. Determine z(c).
10
Let p = -453 + 449. Let v(n) = n**3 + 5*n**2 - 1. Determine v(p).
15
Let p = 38 - 35. Suppose 3*t = p - 0. Let u(z) be the third derivative of z**5/30 - z**3/6 - 2*z**2. Give u(t).
1
Let g(q) = -71*q - 1 + 0*q**2 + 174*q - 9 - 87*q - q**2. Give g(15).
5
Let y(h) be the first derivative of h**4/4 + 7*h**3/3 - h**2/2 - 4*h - 290. Calculate y(-6).
38
Let b(f) = 5*f + 45*f**2 + 0 - 84*f**2 + 3 + 40*f**2. Let m = 3 - 1. Suppose h + m*h = -18. Determine b(h).
9
Suppose -20*o = -21*o + 1. Suppose y + o = 2*z, -11 = 3*y - 0*y + 2*z. Let l(g) = g + 2. Calculate l(y).
-1
Let a be 30/4*(-4)/12*2. Let v(b) = -b**2 + 27*b - 9*b - 9*b + 3 - 14*b. Calculate v(a).
3
Let z(j) = -j**2 + 6*j + 4. Let f(o) = 2*o**2 - 11*o - 10. Let s(u) = -6*f(u) - 13*z(u). Give s(11).
-3
Let w(l) = l**3 + l - 1. Suppose -31*g + 30*g + 150 = 0. Let d = 152 - g. Give w(d).
9
Let q = 569 + -569. Let d(g) be the second derivative of -g**4/12 + g**3/6 + 6*g**2 + 3*g. Calculate d(q).
12
Suppose -g - 6 = -k, -4*k + 4 = g - 0. Let p(s) = 54*s - 27*s + k - 26*s. Give p(-6).
-4
Suppose 27*x - 7*x = 80. Let n(v) = -v**3 + 3*v**2 + 3*v + 6. What is n(x)?
2
Suppose 0 = y - 9. Let c(z) = z**3 - 10*z**2 + 7*z + 16. Let p be c(y). Let i(j) be the first derivative of j**2/2 + 2*j - 1. Determine i(p).
0
Let b(k) = 4*k - 13. Let g(p) = -p + 4. Let l(j) = -b(j) - 3*g(j). Determine l(0).
1
Let m = 75 - 72. Suppose t + 14 = -m*q, 0 = t - 0*t - 1. Let u(r) = 5*r - 2. Determine u(q).
-27
Let n(m) be the second derivative of -3/2*m**2 + 0 - m - 2/3*m**3. Let a(i) = -2*i**3 + 10*i**2 - 2*i + 8. Let d be a(5). Determine n(d).
5
Let r(z) = 2*z - 2 + 4 - 12*z**2 + 5*z + 13*z**2. Give r(-7).
2
Let o(d) be the first derivative of -d**2/2 - 5*d + 4. Let m be o(-7). Let f(v) = -v**3 + 2*v**2 + v + 1. What is f(m)?
3
Let p be (-4 - 4/2) + 11. Let l(n) be the second derivative of 0 - n**2 - 5/6*n**3 + 2*n - 1/20*n**p - 1/2*n**4. Calculate l(-5).
-2
Let g(a) = -a**3 + 13*a**2 + 15*a - 10. Suppose -43 = -3*s - y, 5*y - 72 - 3 = -5*s. Give g(s).
4
Let w = 2 + -3. Let y be 1 - w*3*1. Let u(f) = 6*f**2 + f - f**2 - 4*f - 2*f**3 + f + f**3. Determine u(y).
8
Let c = 16 - 7. Let p = -7 + c. Let x(u) = 16*u - p*u**3 - 15*u + 4*u**3 + 3*u**2 - 2. Determine x(-2).
-8
Let u(f) = f**2 + 45*f - 417. Let y be u(8). Let j(c) = -c**2 + 8*c + 8. What is j(y)?
15
Let m(h) = h - 10. Let v be m(5). Let a = -1 + v. Let d(u) be the third derivative of -u**6/120 - u**5/10 - u**4/12 - 3*u**3/2 + 2*u**2. What is d(a)?
3
Let o(u) = u + 4. Let h = 292 - 297. Calculate o(h).
-1
Let j(o) = o - 1. Let c(b) = 26*b**2 - 6*b + 5. Let m(i) = -c(i) - 6*j(i). Calculate m(1).
-25
Let f(y) = 2*y + 50. Let v be f(-26). Let w(a) = 10*a - 2. Determine w(v).
-22
Let k(v) be the second derivative of v**5/20 + v**4/6 - v**3/6 - 2*v**2 + 344*v. What is k(-2)?
-2
Let p(y) = y**3 + 12*y**2 - 13*y + 2. Let w be 3/(-10) + -254*(-6)/(-120). Determine p(w).
2
Let v be 4/(4/(-6)*-3). Suppose v*y + 3*y = -20. Let a(u) = -u**3 - 5*u**2 - 5*u + 3. Determine a(y).
7
Let r(i) = 8*i**3 + 2*i**2 + i. Let y = -13 - -12. Calculate r(y).
-7
Let h(y) be the third derivative of -2*y**5/15 + y**4/24 - y**3/6 - y**2. Let o(u) = 7*u + 43. Let m be o(-6). Calculate h(m).
-8
Suppose -1 = -5*c + 5*s + 4, 4*c - 3*s - 1 = 0. Let k be (-1)/c - 18/(-12). Let p(h) = 3*h - 7*h**2 + 0*h**2 - 1 - k*h + h**3 + h**2. What is p(6)?
5
Let s(o) be the first derivative of o**2 + o + 15. Let h be 1/((-2)/(-4)) - -1. Suppose -4*i + i = -h. Give s(i).
3
Let a(d) be the first derivative of 3*d**2/2 + 4*d + 1. Let o = 12 + 0. Suppose -t - 3*t - o = 0. Calculate a(t).
-5
Let u(m) = -6 - m**2 + 9*m**3 - 7*m**3 - 3*m**3 + m + 0*m. What is u(0)?
-6
Suppose -4*v + 5*v = w - 14, 0 = -3*v + 4*w - 45. Let h(b) = b**2 + 10*b + 12. Determine h(v).
23
Let w be 33/(-6) + (-1)/(-2). Let t(v) = 3*v - 17. Let q be t(7). Let j(i) = -4 + 10 + i + q. Calculate j(w).
5
Let i(n) = 9*n**3 - 2*n - 1. Suppose -21*l = -24*l + 6. Suppose 4*u = l*k, k = 5*u + 2 + 1. What is i(u)?
-8
Let c(k) = k**2. Suppose 5*o = 38 - 18. Suppose -2*j + 5 = -n, j + 12 = 5*j - o*n. Calculate c(j).
4
Suppose 3*c + 2*f = -0*f + 14, 0 = 4*c + 5*f - 28. Suppose 3 + c = -5*v. Let y(o) be the first derivative of 4*o**3/3 - o**2 - o - 574. Determine y(v).
5
Let r(x) be the second derivative of -x**4/12 + 4*x**3/3 - 7*x**2/2 + x. Suppose 10 = -2*t + 4*b, 2 = -2*t - 2*t + 5*b. What is r(t)?
0
Let h(w) = w**2 + 1. Let a(y) = 5*y**2 - 9*y + 14. Let d be 2/8 - 9/(-12). Let m(s) = d*a(s) - 4*h(s). Determine m(7).
-4
Let m(j) = -4 + 4*j + j + 164*j**2 - 165*j**2. Determine m(7).
-18
Let i(n) = -n**2 + 11*n. Let s(a) = a. Let d(o) = i(o) - 6*s(o). Let b(q) = -q**2 - 7*q + 10. Let z be b(-7). Suppose 0 = -4*x + 10 + z. What is d(x)?
0
Let f = 2 - 3. Let c(h) be the third derivative of -h**6/60 + 332*h**2. What is c(f)?
2
Let m = -16 - -11. Let v(l) = -6*l**2 + 1 + 75*l**3 - 31*l + 0 - 76*l**3 + 2 + 27*l. Calculate v(m).
-2
Let o(m) = 7*m**2 - 14*m + 1. Let c = -4 + 13. Let a(t) = -3*t**2 + 7*t - 1. Let v(r) = c*a(r) + 4*o(r). What is v(-7)?
-5
Let j(a) be the third derivative of a**6/120 + 7*a**5/60 + a**4/24 - 7*a**3/6 + 3*a**2 - 61*a. Determine j(-7).
-14
Let r(q) be the third derivative of q**6/120 - q**5/10 + q**4/4 + q**3/2 - 17*q**2. Determine r(5).
8
Suppose 13 = 2*p + 3*q, -5*p + 15 = 3*q + 5. Let g be p/2 - 2/4. Let l(x) = 4*x**2 + 2*x + 1. Calculate l(g).
3
Let j(n) = 97*n + n**2 - 44*n + 6 - 52*n. Determine j(0).
6
Let d(p) be the third derivative of -p**4/24 - 5*p**3/3 - 2*p**2 - 25. Calculate d(0).
-10
Let h(v) = -v**3 + 3*v**2 + v - 1. Let f = -74 + 69. Let s(y) = -2*y**3 + 6*y**2 + 2*y - 1. Let k(i) = f*h(i) + 2*s(i). Give k(3).
0
Let y(d) be the first derivative of -3*d**2/2 - 2*d - 139. What is y(5)?
-17
Let l(f) be the second derivative of f**4/6 - f**3/2 - 5*f**2/2 + 56*f + 3. Determine l(-4).
39
Let b = 10 - -12. Let t(h) = 2*h + 23 + b + 26 - 69. Let o(p) = p - 8. Let d be o(6). Determine t(d).
-2
Let n(f) = -f**3 - 7*f**2 + 11*f - 7. Let x = -155 - -147. Give n(x).
-31
Suppose 4*p + 1 = 5. Let v = p - 5. Let w(g) be the third derivative of g**4/24 - g**3/3 - 21*g**2. Calculate w(v).
-6
Let t(r) = 0*r**2 + 1 - 2 + 0*r**2 + 8*r**3 + r**2. Let z be (-1 - -2) + -4 - -7. Suppose -z*q - 3 - 5 = 4*m, 2*q - 3*m = 1. Calculate t(q).
-8
Suppose 2*o - 3*q = -0*q + 30, -q - 49 = -5*o. Let k(m) = o*m - 1 + 3*m + 0*m. Let v(u) = u**2 + 6*u + 10. Let a be v(-3). What is k(a)?
11
Let j be (3 + 90)/(-1)*1/(-3). Let x = j + -32. Let n(i) = -19*i**2 - 2*i - 1. Determine n(x).
-18
Let s(v) = -v - 19. Let r = 135 - 141. Give s(r).
-13
Let p(f) = -f**2 + 3*f + 4. Suppose 5*l - 15 = n, 0 = l - n + 4*n - 3. Let h be (-4 - (0 - l))*-2. Suppose i = -5, -2*i = 2*t + h*t - 2. What is p(t)?
4
Let r(c) = -13*c. Let n(m) = -9*m. Let q(s) = s**3 + 13*s**2 + 12*s + 5. Let f be q(-12). Let p(b) = f*r(b) - 7*n(b). Determine p(3).